t is the units digit of i(29)?
0
Let w be (-10)/(-4)*(-156)/(-10). Let g = w + -28. What is the units digit of g?
1
Let b(c) = -2*c**3 + 35*c**2 - 14*c - 30. Let v be b(17). Let l be 10/3*6 + 1. Suppose -x + 5*x - i = v, -3*x + l = i. What is the units digit of x?
6
Let u be ((-1 + 4)/6)/((-1)/(-92)). Let h = -13 - 17. Let z = h + u. What is the tens digit of z?
1
Let y(s) = -s**3 + 6*s**2 + 7*s + 4. Let i be y(7). Let x be (-1 + 0)*(-10 + 5). Suppose 0 = x*k + m + 11 - 35, 0 = -i*m + 16. What is the units digit of k?
4
Suppose -q - 21 = -4*f, 2*q - 2 = 4. Suppose 4*t - a = -f*a + 222, -2*t = 2*a - 112. What is the tens digit of t?
5
Let f(u) = -2*u**3 + 5*u**2 - 3*u - 1. Let o be f(2). What is the units digit of o/(4 + (-395)/95)?
9
Let x(a) = 7*a**2 - 2*a - 1. Let j be x(-1). Suppose -2*c = 2*c - 44. Let u = j + c. What is the tens digit of u?
1
Let j be -12*(4 - 26/6). Suppose -j*y - 9 = -y. What is the units digit of ((-3)/(-12))/(y/(-12))?
1
What is the hundreds digit of (-1)/((-9)/(235602/6))?
3
What is the hundreds digit of 28290/54 - 10/(-90)?
5
Let p(k) = -36*k**3 + k**2 + 5*k + 10. What is the tens digit of p(-2)?
9
Let g be ((-9)/(-27))/(1/(-9)). Let i = -30 + 60. Let z = i - g. What is the tens digit of z?
3
Let d = 49 + 75. Let f = 221 - d. What is the units digit of f?
7
Let a = 65 + -63. Suppose 0 = 2*v + 6, -284 = -2*f - a*v + 4*v. What is the units digit of f?
9
Suppose 5*h = 6 + 4. Suppose h*r + 2504 = 3*d, 3*d + 3*r = 2*r + 2510. What is the tens digit of 4/(-18) - d/(-36)?
2
Suppose 292 = t - 1089. What is the tens digit of t?
8
Let m(h) = -158*h + 351. What is the hundreds digit of m(-7)?
4
Let z be ((-2)/2)/(1/(-3)). Let v be 2 + (z + -3 - 2). Suppose 3*w = -v*w + 3. What is the units digit of w?
1
Suppose -2*c + 296 = -306. Suppose 0 = -s + 2*b + c, 4*s - 1191 = b - 6*b. What is the units digit of s?
9
Let w be 192/8*(-2)/(-3). Let s be w*(-1 - 7/(-4)). What is the tens digit of -48*((-40)/s)/5?
3
Suppose 0 = -8*p + 1726 - 430. Suppose 1 = u, 5*u + p = 5*k - 103. What is the tens digit of k?
5
Let y = 581 + -55. What is the units digit of y?
6
Suppose -3*v + 3*s = -24, -s - 11 - 7 = -3*v. Let f = 33 - v. Suppose -f = -c + 22. What is the tens digit of c?
5
Suppose -a - 16 = -4*w, -3*a + 5*w - 8 = w. What is the hundreds digit of (a + -67)*(-1 + (-10)/6)?
1
Let y = 2 + -7. Let m(t) = -4*t + 5. What is the units digit of m(y)?
5
What is the tens digit of 40/(-12) + 2 + (-36906)/(-18)?
4
Let g = 96 - 5. What is the units digit of g?
1
Suppose 2*b = 4*b - 528. What is the tens digit of -1 - (b*1)/(-3)?
8
What is the units digit of 315 + -1 + 18/9?
6
Suppose 4*c + 5*j = 21, c = -2*c - 4*j + 16. Let f(l) = -l**3 - 9*l**2 + 6*l - 11. Let b be f(-11). Suppose -b = -c*o - 69. What is the tens digit of o?
2
Suppose 0 = -2*g - 2*g + 4, 4*l = -2*g - 34. What is the units digit of (-570)/l - (-10)/15?
4
Let t = -13 - -14. Let z = 4 - t. Suppose 62 = -v + z*v. What is the tens digit of v?
3
Let t(j) = j + 2. Suppose 2*z + 1 = 3. Suppose 5 - z = w. What is the units digit of t(w)?
6
Suppose 3*u + 5*h = 1253, -2*u + 1259 = u + 2*h. What is the tens digit of u?
2
Let u(m) = -2*m + 17. Suppose 0 = -3*f - 0*f - 9, -109 = 5*g + 3*f. What is the units digit of u(g)?
7
Let h(k) = -3*k - 15. Let i be h(-5). Suppose -4*g + 348 = 4*l, -2*l + l + 5*g + 87 = i. What is the units digit of l?
7
What is the units digit of ((-5656)/(-98))/(92/28 + -3)?
2
Let u be 0*(-1 + 4 + -2). Suppose 3*z - 8*z + 240 = u. Suppose -w - z = -5*w. What is the units digit of w?
2
Let j = 23 - 32. What is the tens digit of (24/j)/((-4)/18)?
1
Let u = -36 + 21. Let k = 13 + u. What is the tens digit of (0 - -3)/(k/(-28))?
4
Let m(b) = 31*b**2 - 6*b - 4. Let n be m(8). What is the units digit of 3/9 - (0 - n/9)?
5
Suppose 12 = 5*k + d, -16 = -5*k + d + 2. What is the units digit of 74 + k + -4 - 0?
3
Suppose 103 = 5*x - 262. Let q be (-131 - -141)*((-26)/5 + 1). Let w = x + q. What is the units digit of w?
1
What is the thousands digit of (-13)/((-429)/22) - (-52516)/12?
4
What is the units digit of (-6017)/(-66)*-8*(-6 + 3)?
8
Suppose 0 = 5*u - 10, 634 = 3*f - 3*u + 8*u. Suppose 0 = -2*t - 2*o + 136, 2*t - 5*t - 4*o = -f. What is the units digit of t?
4
Let h(j) = -j**2 - 5*j + 2. Let p be h(-6). Let q be (-1 + 1)/(8/p). Suppose q = 2*x + x - 138. What is the units digit of x?
6
Let n be -2 - (1 + -117 - 4). Suppose -2*v + n = d - 17, d = 3. What is the units digit of v?
6
Let q = 3315 - 1808. What is the units digit of q?
7
Let p = 4 - 9. Suppose k - 14 = -3*a, 2*k - 30 = -4*a - 10. What is the units digit of k/p + (-37)/(-5)?
7
Let h be 4/(-16) + (-283)/4. Let n = h - -114. Suppose 11 = 2*o - n. What is the tens digit of o?
2
Let c(g) = 6*g**2 - 10*g + 3. Let o be c(2). Suppose -6*n - 71 = -o*n. What is the tens digit of n?
7
Suppose -9*y + 2212 = -1388. What is the tens digit of y?
0
Let c = -3237 + 4616. What is the hundreds digit of c?
3
Let q(g) = -g**2 + 8*g - 15. Let j be q(6). What is the units digit of j - (2/(-1))/(4/18)?
6
Let a be 2/(1*2/(-15)). Let f = 21 + a. What is the units digit of (0 + 1)/(f/36)?
6
Suppose -3 - 21 = 2*n. Let k(x) = x**3 + 11*x**2 - 11*x + 15. Let l be k(n). Suppose l*i - 4*r = 5*i - 52, -4*i + 74 = 2*r. What is the units digit of i?
6
Let p(x) = x**3 - 14*x**2 - 22*x + 74. What is the tens digit of p(17)?
6
Let a = 16 + -20. Let l(k) be the second derivative of k**4/6 + 2*k**3/3 - k**2/2 - k. What is the tens digit of l(a)?
1
Suppose 5*r + 3*p - 6662 = 0, 2*r - p - 2671 = 4*p. What is the thousands digit of r?
1
Suppose -2*j - 121 = 115. Let s = 264 + j. What is the units digit of s?
6
Suppose -3*o = -5*o - t + 119, 4*o - t = 229. Let x(w) = w**3 - 8*w**2 + w + 10. Let k be x(7). Let z = k + o. What is the units digit of z?
6
Let r = -76 + 115. Suppose 0 = -5*m - 24 + r. What is the units digit of m?
3
Let r(n) = 8*n**2 + 53*n - 18. What is the tens digit of r(-13)?
4
Let x(l) = 11*l + 1. Let f(h) = h**2 - 8*h + 1. Suppose 2*a + 4*r - 12 = 0, -4*a + 3*a = r - 7. Let n be f(a). What is the units digit of x(n)?
2
Let y = 25 + -25. Suppose -r + 6*r - 2*l - 691 = 0, y = -r - 5*l + 149. What is the units digit of r?
9
Let i be (1/(-3))/((-6)/72). What is the hundreds digit of i*(-2 - (-262)/8)?
1
Let b(h) = -h**3 + 10*h**2 + 10*h + 14. Let r be b(11). Suppose 0 = r*i + 37 + 59. Let g = 51 + i. What is the tens digit of g?
1
Let b(r) = 27*r. Let m be b(13). Suppose 5*f = 2*f + m. What is the tens digit of f?
1
Let u(l) = 23*l**2 + 6*l - 6. Let i be (-80)/(-10) + -1*5. What is the tens digit of u(i)?
1
Suppose -2*h - 6 = h. Let v be ((-2)/h)/(1/56). Suppose v = i + 3*i + 3*g, -3*g = 2*i - 22. What is the tens digit of i?
1
Let p(z) = z**2 - 5*z + 5. Let w(c) be the third derivative of c**5/60 + c**4/8 + c**3/6 + 6*c**2. Let d be w(-4). What is the units digit of p(d)?
5
Suppose -6*z + 2 = -10. Suppose 134 = z*l - 5*g, l + 2*g = -g + 67. What is the tens digit of l?
6
What is the tens digit of 5884/14 + 10/(-35)?
2
Let o = -84 - -89. Suppose o*f - 159 = -59. What is the tens digit of f?
2
What is the units digit of 6755/14 + 5/(-2)?
0
Let q = 3 - 0. Let j(m) = 3*m**3 - m**2 - 2*m - 4. What is the tens digit of j(q)?
6
What is the tens digit of 216/(-504) - (-2439)/7?
4
Suppose 3*m - 8*m = 0. Suppose d = -5*h - d + 28, -5*h + 4*d + 4 = m. Let t(y) = 12*y - 3. What is the units digit of t(h)?
5
Let q(i) = 1. Let h(l) = -9*l - 2. Let f(b) = -h(b) + q(b). Let m = 3 - 1. What is the tens digit of f(m)?
2
Let d(r) be the second derivative of -r**5/5 + r**4/12 + r**3/2 + r**2 - 2*r. Let g = -13 - -11. What is the units digit of d(g)?
2
Suppose m - 4*l + 18 = 0, -4*m - 5*l - 7 = -8*l. Let g(z) = -z**m - z - 5*z + 14 + 7*z + 12*z. What is the tens digit of g(11)?
3
Suppose 0 = 2*u - 28*b + 25*b - 6636, 2*u + b - 6644 = 0. What is the hundreds digit of u?
3
Let j be (-5 - -7)*4 + -2. What is the hundreds digit of 22693/99 - (0 - j/(-27))?
2
Suppose -2*v - v + 48 = 0. Suppose j - 6*j = 3*m - 22, 3*j - m = v. Suppose 0 = -5*t + 4*r + 73, -2*t + 4*r = -j*t + 63. What is the tens digit of t?
1
Suppose -k + 6*k = -10. Let q be 3/k + (-78)/4. Let f = q + 30. What is the units digit of f?
9
Suppose 1194 = 9*m - 3. Let w = m - 12. What is the tens digit o